*i + 2*y. Let g = -8 - i. List the prime factors of g.
5
Let v(a) = a**3 - 9*a**2 + 4*a - 10. What are the prime factors of v(9)?
2, 13
Suppose -8 + 20 = 4*i. Suppose 4*k + i*l = -35, -2*l + 3*l = 3. Let q = -5 - k. List the prime factors of q.
2, 3
Let l(v) = -8*v**3 - v**2 - 2*v + 6. List the prime factors of l(-3).
3, 73
Suppose 0 = -5*o + 5, -2*o = -2*j - 7*o + 303. What are the prime factors of j?
149
Suppose -240 = -5*d + d. What are the prime factors of d?
2, 3, 5
Suppose -31 = -5*u - 1. What are the prime factors of u?
2, 3
Let f(m) = m**3 - 7*m**2 + 7*m - 7. Let x be f(6). Let a be 5 + x + 0/(-1). Suppose a*d - 15 = 21. What are the prime factors of d?
3
Let n be 462/(-121) - (-4)/(-22). Let j = n + 14. List the prime factors of j.
2, 5
Suppose 2*q = q + 2. Suppose 0 = -q*m - 4 + 10. What are the prime factors of m?
3
Let d(o) = 6 - o - 5 - 3*o. List the prime factors of d(-2).
3
Let y = -41 + 69. List the prime factors of y.
2, 7
What are the prime factors of -3*(-1)/(-1) + 148?
5, 29
Suppose 5*h - 2*r - 699 = 0, 2*h - 546 = -2*h - 5*r. What are the prime factors of h?
139
Suppose 218 = 4*u + 5*d, 0 = -0*u - u - 4*d + 49. What are the prime factors of u?
3, 19
Let d(j) = j**3 + 1. Let f be d(-2). List the prime factors of ((-21)/6)/f*46.
23
Let f = -91 + 53. Let b = f + 64. What are the prime factors of b?
2, 13
Let f = -7 + 11. Suppose f*x + 4*b - 20 = 0, 14 + 13 = 5*x + 4*b. List the prime factors of x.
7
Suppose 2*t - 5*t + 24 = 0. Let n(g) = -g**3 - 4*g**2 + 2*g - 7. Let p be n(-5). Let o = p + t. List the prime factors of o.
2
Suppose k + 50 - 374 = -2*h, -628 = -4*h + 3*k. Suppose 11*x - h = 6*x. List the prime factors of x.
2
Suppose 2*t + 11 - 169 = -2*m, 4*t = -m + 79. List the prime factors of m.
79
Suppose -3*q + 5*w + 10 = 0, -6 = q - 3*w - 4. Let d = 9 - 5. Suppose 26 = l + 2*a + q, -d*l + 69 = 3*a. List the prime factors of l.
2, 3
Suppose -q = -2, -c + 4*q + 0 = -1. What are the prime factors of c?
3
Let y be (-6)/(-36) + 11/6. List the prime factors of -3*y/12*-108.
2, 3
List the prime factors of 90/1 - (-1 + 5).
2, 43
Suppose 0 = 2*k + 4*v - 26, -2*k - 3*v = -6*k + 19. Let a = 12 - k. Let f = -1 + a. List the prime factors of f.
2
Let r = -16 + 11. Let z = 14 + r. List the prime factors of z.
3
List the prime factors of 2/5 + 1656/60.
2, 7
Let w(q) = 2*q + 3. Let r be (-60)/(-14) - (-2)/(-7). What are the prime factors of w(r)?
11
List the prime factors of ((-35)/15)/((-1)/36).
2, 3, 7
Let k(r) = 2*r**2 + 21*r + 9. List the prime factors of k(7).
2, 127
Suppose -3*v = -6*v + 21. Suppose -5*n + 3*n = 2*i - 2, 5*i = n - v. List the prime factors of n.
2
Let x(a) = a + 16. Let k be x(-7). List the prime factors of (-48)/9*k/(-6).
2
Suppose -4*k + 20 = 0, 4*p + 0*k - k = 307. List the prime factors of p.
2, 3, 13
Let j = 77 + -54. List the prime factors of j.
23
Suppose -20 = -5*w + 5. Let u = -3 + w. Suppose 5*d - u*i = d + 18, -5*d + 3 = 4*i. List the prime factors of d.
3
Let r be (4/(-1))/2*-1. Suppose 2*i + r*v = -2*i + 2, -2*i = 2*v. List the prime factors of (-39)/(-3*1) - i.
2, 3
Suppose 3*f - 21 = -5*k, -3*f + 4*f + 2*k = 8. Suppose -f*a + 128 = 3*b, a - 4 = -b + 37. Suppose -b = -4*x + 2. List the prime factors of x.
2, 3
Let l = 42 - 16. Let w = 12 - 1. Let x = l - w. What are the prime factors of x?
3, 5
Let f = -58 - -89. What are the prime factors of f?
31
List the prime factors of (-178)/(-6)*(11 - 8).
89
Let i(k) = -k + 1. Let b be i(-1). Let w be -1 + b/(2 + -1). Suppose -7 = -4*h + w. List the prime factors of h.
2
Let f = -1 + 1. Suppose -r - r + 28 = f. What are the prime factors of r?
2, 7
Suppose 2*b + 100 = -2*b. Let i = b + 45. What are the prime factors of i?
2, 5
Suppose 4*j + 3*g = 60, -4*j + 5*j - 5*g = -8. What are the prime factors of j?
2, 3
Suppose s = -3*s - 88. Let k = s + 31. What are the prime factors of k?
3
Let c(l) = 4*l**2 + l + 3. What are the prime factors of c(4)?
71
Suppose 3*d - 56 = 5*d. List the prime factors of (3/6)/((-1)/d).
2, 7
Suppose 3 = 4*o - 9. Suppose 2*i - 2*g + g - 31 = 0, -2*g = -o*i + 45. List the prime factors of i.
17
Suppose 0 = 2*o - 23 + 3. Suppose -y + 4*s - 9 = 3*s, y - 2*s + o = 0. Let h = y + 20. What are the prime factors of h?
2, 3
Let k be 0 - 3/3 - -2. Let l be (-1)/(k*2/(-40)). Suppose p = 5*p - l. What are the prime factors of p?
5
Let h be 38/9 + 6/(-27). Suppose -h*p - 42 = -t - t, 84 = 4*t + 4*p. What are the prime factors of t?
3, 7
Suppose 0 = p - 2 - 1. What are the prime factors of p*(-4)/12*-15?
3, 5
Suppose -2*h + 3*h + 7 = -3*c, 5*c + 13 = -h. Suppose h*z - 3*z + 3 = l, 0 = -5*z + l + 39. Suppose 0 = -5*r + 22 - z. What are the prime factors of r?
3
Suppose -188 = -2*r - 5*x, -4*r + x = -x - 400. List the prime factors of r.
3, 11
Let n = 12 + -10. List the prime factors of n.
2
Let t be 1/(-3) - (-4)/3. What are the prime factors of t/(-1)*(-3 - 3)?
2, 3
Let z = 11 + -6. What are the prime factors of z?
5
Let z(h) be the second derivative of h**4/12 + 5*h**3/6 + h**2 - 2*h. Let o be z(-6). Let v = o + -3. List the prime factors of v.
5
Suppose 62 = 4*t - 2*t. List the prime factors of t.
31
Let w = 237 + -128. What are the prime factors of w?
109
Let c = 8 - 6. Suppose 6*v - 64 = c*v. What are the prime factors of v?
2
Suppose -t + 233 = -54. List the prime factors of t.
7, 41
Let l(n) = -n**3 + 10*n**2 + 16*n - 16. What are the prime factors of l(11)?
3, 13
Suppose -3*y + 0*y = 3*k - 12, -4*k = -4*y - 24. Suppose -k*c - 4*n + 93 = 0, -n = 5*c + 22 - 109. What are the prime factors of c?
17
Suppose -2 = -r - 6. List the prime factors of r*(-2 + 6/4).
2
Suppose 4*d - 3*z - 7 = 0, 5*d = z + 4*z + 5. Let o = 17 - 3. List the prime factors of (-237)/(-21) - d/o.
11
Suppose 0 = -3*a - 0*a - 21. Let o be 14/1 - (-3)/1. Let g = a + o. List the prime factors of g.
2, 5
Let c(b) = 2 + 0*b - 6*b**3 - 5*b + 2*b**3 + 9*b**2 + 3*b**3. List the prime factors of c(8).
2, 13
Let j(z) = z + 13. Let d(g) = -2*g - 26. Let o(q) = 3*d(q) + 7*j(q). Suppose -l - t - 29 = 2*l, 4*l + 5*t = -35. List the prime factors of o(l).
3
Suppose 3*f + 4*i = 8*f - 573, 0 = -2*f + 2*i + 230. List the prime factors of f.
113
Let f = 0 + 2. Suppose -f*u + 12 = -8. Suppose -28 + u = -3*b. What are the prime factors of b?
2, 3
Let r be -2*4/(16/(-6)). Let n(f) = 2*f**2 - 2. List the prime factors of n(r).
2
Let n(c) = 6*c - 2 + 0 + 7*c. List the prime factors of n(1).
11
Let f(l) = l**2 + 4*l + 5. Let h be f(-4). Suppose -25 = 5*u, -5*v + 0*u - 4*u = 20. Suppose -h*p - 10 + 65 = v. What are the prime factors of p?
11
Let a(m) = m**3 + 9*m**2 + 6*m - 10. Let i be a(-8). Let r be (-1 + 4)*i/9. Suppose -2*v = -2*c - r*c + 58, v = -c + 7. List the prime factors of c.
2, 3
Let u = 25 - 6. List the prime factors of u.
19
What are the prime factors of 0 - (-27 - (0 + 1))?
2, 7
Suppose 3*n + 2 = -0*w - w, -4 = n + w. Let j = 2 + -3. Let x = n - j. What are the prime factors of x?
2
Let g(n) = 7*n - 2. What are the prime factors of g(2)?
2, 3
Suppose 115 = -3*s + 805. List the prime factors of s.
2, 5, 23
Let o(c) = -c**3 - 3*c**2 - c - 5. Let f(z) = -z**3 + 6*z**2 + 5*z + 10. Let b be f(7). What are the prime factors of o(b)?
3, 5
Let z(p) = -p**3 - 11*p**2 + 12*p + 13. Let n be z(-12). Let j = n + -10. List the prime factors of j.
3
Suppose -5*t + 40 = -3*o, -3*o - 3*t = o + 63. Let q = o - -30. List the prime factors of q.
3, 5
Let i = -117 - -74. Let y = 78 + i. What are the prime factors of y?
5, 7
Let u = 8 + -3. Let t(q) = 4*q + 3*q**2 - 3 - u*q - q - 1 + q**3. List the prime factors of t(-3).
2
Let q(v) = -2*v**2 + 2*v - 1. Let p be q(-3). Let h = p + 51. What are the prime factors of h?
2, 13
Let s = -9 + 5. Let q(k) = 3*k**2 + 5*k + 5. What are the prime factors of q(s)?
3, 11
Suppose 0 = x - 2*x + 1. Let j = x + 1. Suppose 0 = -5*s - 5, -44 = -5*m + j*s + 2*s. List the prime factors of m.
2
Let x(j) = -4*j + 2 - 5*j + 6*j**2 + 3*j + 5*j. What are the prime factors of x(-2)?
2, 7
List the prime factors of (-5 - -1) + 19 + 130.
5, 29
Let i(s) = -2*s - 3. Let t(u) = 2*u + 3. Let x(f) = 3*i(f) + 2*t(f). List the prime factors of x(-3).
3
Suppose -3*c + 17 = -4*s, 0*s - 13 = -3*c + 2*s. Suppose -8*h = -c*h - 35. List the prime factors of h.
7
List the prime factors of 6/(-3